*2 - 1/6*y**3. What is o(1)?
7
Let v(a) be the third derivative of -a**5/60 + 7*a**4/24 - 3*a**3/2 + 26913*a**2. Let g(w) = w + 1. Let y be g(3). Give v(y).
3
Let c(h) = 16*h - 97. Let g = 6042 - 6036. What is c(g)?
-1
Let o(v) = -8*v + 15. Let z(c) = -26*c - 1421. Let n be z(-55). Determine o(n).
-57
Let d(o) = -o - 2. Suppose 139*q = 141*q - 8. Suppose 0 = q*z - 8, -4*z - 6 = -u - 9. What is d(u)?
-7
Let d be (-212)/(-106)*(2/(-9) - (-75)/(-27)). Let a(f) = 4*f**2 + 13*f. Determine a(d).
66
Let o = -374 + 249. Let z = o + 129. Let y(b) = b**3 - 2 - b + 0*b**2 - 4*b**2 + 5 + 0*b**2. What is y(z)?
-1
Suppose -3*c + 10 = -2*g, 8*g - 3*g + 4 = -3*c. Let r(p) = -21*p**c + 3*p - 3 + 9*p**2 + 14*p**2 - p**3. Determine r(3).
-3
Let s(v) be the second derivative of v**4/4 - v**3/6 + v**2/2 - 46*v + 5. Give s(-3).
31
Let s = -3 + 7. Let z(m) = 2 - 3*m**3 + 2*m**3 + 0*m**3 + 3*m**2 - s*m. Let c(o) = -o**3 + 62*o**2 - 3*o + 188. Let y be c(62). Give z(y).
-2
Suppose 0 = 3*p - 110 + 98. Suppose -2*y = -5*m - 5*y, 17 = -m - 4*y. Let d(o) = o**3 - 6 + 1 + o**m + 5*o**2 - 4*o - 3*o**3. Give d(p).
-5
Let l(i) = 4*i**2 - 6*i + 6. Let z be l(1). Suppose -u - 6 = 3*v, 5 = z*v + 17. Let k(h) = 6*h + 2. Determine k(u).
20
Let t(q) = -2*q**2 - 2*q. Let r(y) = 7*y**2 - 2*y - 22. Let k(m) = -r(m) - 4*t(m). What is k(-5)?
-3
Let n(y) = -13*y + 679. Let f(s) = -168*s + 8696. Let p(b) = -5*f(b) + 64*n(b). What is p(8)?
40
Let y(r) = -5*r - 5. Let i(w) be the second derivative of 5*w**3/3 + 13*w**2/2 - 89*w. Let v(p) = -4*i(p) - 9*y(p). What is v(2)?
3
Let w(t) = 5*t**3 + t**2 - t - 9. Let m(u) = 4*u**3 - u - 8. Let j(o) = 6*m(o) - 5*w(o). Let l = 1993 - 1998. Determine j(l).
2
Let p = 825 + -798. Let v(n) = 5*n - 142. Determine v(p).
-7
Let s(a) be the first derivative of a**3/3 - 3*a**2/2 - 39*a - 774. Determine s(9).
15
Let c(z) = 100*z**2 - z**3 - 2*z**3 + 4 + 3*z + 4*z**3 - 101*z**2. Give c(0).
4
Let j(p) = 80 + 12 - 27 + 6*p. Give j(-14).
-19
Let k(p) = 8*p - 31. Let o(i) = -11*i + 42. Let l(z) = 18*k(z) + 13*o(z). Let j(r) = r**3 + 4*r**2 - 2*r - 3. Let u be j(-4). Calculate l(u).
-7
Let c(s) = -85*s**2 + 11*s - 32. Let x(f) = 106*f**2 - 10*f + 31. Let k(n) = 5*c(n) + 4*x(n). Calculate k(11).
8
Let w(h) = h**2 - h - 1. Let g(f) = 5*f**2 - 3*f - 17. Let y(j) = -g(j) + 4*w(j). Let q = 13 - 16. Let r be q/6 + (-2 - 5/(-2)). Determine y(r).
13
Let s(n) be the third derivative of n**4/24 - n**3 - 11*n**2 + 82*n. Give s(9).
3
Suppose -5*g + 2*g + 18 = 0. Let l(h) = 34*h + 23*h + 7*h**2 + 4 - 101*h - h**3 + 36*h. Give l(g).
-8
Let k(b) = -28*b**2 + 33*b - 13. Let c(m) = -13*m**2 + 16*m - 6. Suppose 20*h = 55 + 205. Let a(z) = h*c(z) - 6*k(z). Let g be (6/4)/(1/6). Determine a(g).
9
Let a(k) = 3*k**3 - 14*k**2 - 4*k - 3. Suppose -v = -10*v + 45. Let t be a(v). Let f(d) = -3*d. What is f(t)?
-6
Suppose 72*y + 132 = 76*y. Let p(l) = -5*l**3 + 4*l**3 + y + 3*l**3 - 16 - 19 - 6*l**2. Calculate p(3).
-2
Let v be (2*5)/1*-1. Let z(g) be the second derivative of 86*g + 0*g**2 + 0 + 1/12*g**4 + 5/3*g**3. What is z(v)?
0
Let z(s) = -s**2 - 5*s - 3. Let c be z(-4). Let b(v) = -v**2 + 2*v - 17. Let x(o) = 2*o**2 + o - 9. Let w(l) = -b(l) + 2*x(l). Calculate w(c).
4
Let g(d) = 8*d - 104. Let v(h) = h**3 - 47*h**2 + 249*h - 111. Let x be v(41). What is g(x)?
-8
Let b(v) = 2*v**3 + v**2 - 2*v + 1. Let a(l) = l**3 + 11*l**2 + 23*l - 2. Let r(f) = a(f) - b(f). Determine r(12).
9
Suppose -5*t = -5*q - 5, 3 = -4*t - q + 27. Let y(k) = 12*k**2 + 7*k - 911. Let m(a) = 7*a**2 + 4*a - 536. Let h(v) = 17*m(v) - 10*y(v). What is h(t)?
-37
Let b = -5 + 9. Let y(o) = 3*o**3 - o**2 + 8*o + 3. Let x(u) = 11*u**3 - 4*u**2 + 25*u + 12. Let k(c) = 2*x(c) - 7*y(c). What is k(b)?
27
Let k(m) be the third derivative of -m**6/120 + 3*m**5/20 + 11*m**4/24 + 2*m**3 + 2*m**2 - 352*m. Let r be (-4)/(-14) - (-544)/56. What is k(r)?
22
Let q(s) = -4*s**3 + 17*s**2 + 13*s + 7. Let h(d) = -d**3 + 2*d**2 + d + 1. Let f(a) = -a + 4. Let n be f(-1). Let b(u) = n*h(u) - q(u). Determine b(-6).
10
Let c = -10 + 17. Let r be (-39)/(-9) - (-64)/(-48). Let w(j) = -12*j - 3 - 8*j**2 + j**r + 2 + 28*j - 2 - 10*j. What is w(c)?
-10
Let t(n) = -n**3 - 2*n**2 + 2*n - 7. Suppose 1746*u = 1523*u - 669. Give t(u).
-4
Let k(q) be the first derivative of -q**2 - 1/6*q**3 - 20 + 1/6*q**4 - 34*q. Let j(c) be the first derivative of k(c). What is j(2)?
4
Suppose -2*y + 4 = -12. Let j be ((-1)/(-2))/((-3)/(-12)). Let t(v) = 11 + j + 9 + 1 - 32 + v. Calculate t(y).
-1
Let q(y) be the first derivative of 1/3*y**3 - 2*y + 12 - y**2. What is q(4)?
6
Let v(z) = 4*z + 63. Suppose 6*k - 3*k = -8*k - 176. What is v(k)?
-1
Let d(j) = -j**3 + 6*j**2 + 3*j + 15. Suppose -3*h + 6 = 3*u, -3*h = -5 + 20. What is d(u)?
-13
Let i(g) be the first derivative of 2*g + 1/3*g**3 - 150 + g**2. Determine i(-5).
17
Let p be ((-8)/(-10))/((-2)/(-5)). Let x(l) = -6*l - 2 + 3 - p. Let i be (35/1)/5*(-424)/(-1484). Determine x(i).
-13
Let j(y) = -5*y + 3. Suppose -2*i + 6 = -44*s + 55*s, -12 = 5*s - 4*i. Calculate j(s).
3
Let c(f) = f**2. Suppose 3*p + 394 = -179. Let x = -125 - p. Let d = x - 62. Determine c(d).
16
Let j(p) = 2*p**2 + 9*p - 9. Suppose -4*b = -4*l - 20, 2*l - 87*b + 15 = -90*b. Calculate j(l).
9
Let h(x) = -x**3 + x**2 + 4*x. Let p be h(3). Let g(b) be the third derivative of b**6/120 + 7*b**5/60 + b**4/4 - 2*b**3/3 - 10502*b**2 + 2. Calculate g(p).
-4
Suppose v - 5*i = -34, 4 = -v - 5*i - 20. Let k = v - -31. Let y(b) = 9*b + 2 - 7*b + b - b - 2*b**k. What is y(4)?
-22
Let g be (-13)/(1065/(-177) + 6). Let l(r) = g*r - 1523*r + 757*r - 8. Determine l(9).
1
Let m(w) = 54*w - 7. Let d(y) = 21*y - 3. Let j(a) = 15*d(a) - 6*m(a). What is j(-1)?
6
Let l(h) = 1. Let d(q) = -10*q - 7. Suppose 0 = 13*w - 2*w - 121. Suppose 3*t - 8 = -4*n - 24, 3*n + 2*t = -w. Let a(c) = n*d(c) - 4*l(c). Determine a(-2).
-17
Let v(p) = 6*p - 1. Let w(z) = z - 1. Let d(u) = v(u) - 4*w(u). Suppose 5*h - 3640 = -5*h. Suppose -h = -2*r - 372. Give d(r).
-5
Let x(i) = 37*i**2 + 8*i + 7. Let r = 5584 - 5585. Give x(r).
36
Let s(q) = -34*q - 237. Let g(o) = 5*o + 4. Let f(d) = 5*g(d) + s(d). Determine f(-23).
-10
Let a(y) = -2*y**2 + 22*y - 7. Suppose 3*o - 8*o + 40 = -3*u, 2*u + 40 = 5*o. Let w(d) = 3*d**2 - 34*d + 11. Let p(s) = o*a(s) + 5*w(s). Calculate p(6).
-1
Suppose 3*f - 42 = -l, -l = -4*f + 8*f - 46. Let n(p) = -34*p + 3 - l*p + p**2 + 69*p. Give n(-2).
-3
Let a(s) = s**3 + 5*s**2 + 4*s + 1. Let n = 70 + -71. Let q be -1 + n + (44 - 46). Calculate a(q).
1
Let s(h) be the first derivative of -h**5/20 - h**4/3 + h**3/2 - 2*h**2 + 20*h - 218. Let p(w) be the first derivative of s(w). Determine p(-5).
6
Let o(b) be the third derivative of b**3 + 17*b**2. Let j(n) = -5. Let h(d) = -5*j(d) - 4*o(d). Let c(m) = -m - 4. Let i(v) = -c(v) - 4*h(v). Give i(6).
6
Let v be (-6)/4*6/(-10)*(-2480)/(-2232). Let j(f) = 154*f - 1. Calculate j(v).
153
Let l be (-34)/(-16) - (-3)/(6 - 30). Let p = l + -2. Let j(w) = -w**3 + 0*w**3 - 4*w + 2 + 3*w. Give j(p).
2
Suppose -71*w + 84*w - 117 = 0. Let n(x) = -x**2 + 13*x - 3. What is n(w)?
33
Suppose 4*t + 4*j = 17 - 57, j = -4. Let s(u) = -u**3 - 4*u**2 + 9*u - 23. Determine s(t).
-5
Let m(i) = i**3 + 6*i**2 - 20*i + 62. Let y be m(-9). Let s(n) = 23*n**3 - n**2 - n - 1. Give s(y).
-24
Let g(a) be the first derivative of 2 - 3/2*a**2 + 0*a + 1/3*a**3. Suppose -442*z + 465*z - 69 = 0. What is g(z)?
0
Let q(p) be the third derivative of -p**5/60 - p**4/8 + 2*p**2 - 804. Give q(-5).
-10
Let d(g) = 2*g**2 + 20*g - 105. Let r be d(-14). Let z(k) = 2*k**2 - 8*k - 33. Determine z(r).
9
Let i(u) = 17*u - 1. Suppose 0 = -2*v + 5*q - 269, -119 = v - 3*q + 16. Let g = v - -91. Let z = 42 + g. What is i(z)?
16
Let p(y) be the third derivative of -y**5/60 + y**4/3 - y**3/6 - y**2. Let s = 908 + -725. Suppose -155*r = -s*r + 224. Calculate p(r).
-1
Let k be (-3 - -13) + -15 + 8. Let p(j) = 5*j + 5. Calculate p(k).
20
Let a(y) = 2 - 2*y + 6*y + 5*y + 0*y. Give a(5).
47
Let z(r) be the first derivative of -r**4/4 + 4*r**3/3 - 2*r**2 + 5*r - 520. Let g(l) = l - 14. Let k be g(19). What is z(k)?
-40
Let l = -73 + 84. Suppose -3*v + 13 = 4*w, -5*v + l = 2*w - 6*w. Let s(t) = t**2 + t + t**2 - 2*t. Give s(w).
1
Suppose -6*z = 4*z - 80. Let s be z*(7 + -6) +